{"id":4177,"date":"2026-04-07T19:42:52","date_gmt":"2026-04-07T17:42:52","guid":{"rendered":"https:\/\/it2502.sspu-opava.eu\/?page_id=4177"},"modified":"2026-04-07T20:45:00","modified_gmt":"2026-04-07T18:45:00","slug":"aktuality-a-akce","status":"publish","type":"page","link":"https:\/\/it2502.sspu-opava.eu\/?page_id=4177","title":{"rendered":"Aktuality a akce"},"content":{"rendered":"<section style=\"width:100%; max-width:1200px; margin:0 auto; padding:40px 20px; box-sizing:border-box;\">\n<div style=\"display:grid; grid-template-columns:repeat(2, minmax(0, 1fr)); gap:30px; width:100%;\">\n<div style=\"background:#fff; border-radius:20px; overflow:hidden; box-shadow:0 10px 25px rgba(0,0,0,0.1);\">\n      <img decoding=\"async\" src=\"https:\/\/letani-zabreh.cz\/wp-content\/uploads\/2025\/02\/galerie-lkz-032.jpg\" style=\"width:100%; display:block;\"><\/p>\n<div style=\"padding:20px;\">\n<h3 style=\"margin:0 0 12px 0;\">D\u011btsk\u00fd leteck\u00fd den<\/h3>\n<p style=\"margin:0; line-height:1.7;\">Uk\u00e1zky leti\u0161t\u011b, hang\u00e1r\u016f a letadel pro ve\u0159ejnost, v\u010detn\u011b programu pro d\u011bti.<\/p>\n<\/p><\/div>\n<\/p><\/div>\n<div style=\"background:#fff; border-radius:20px; overflow:hidden; box-shadow:0 10px 25px rgba(0,0,0,0.1);\">\n      <img decoding=\"async\" src=\"https:\/\/letani-zabreh.cz\/wp-content\/uploads\/2025\/02\/galerie-lkz-028.jpg\" style=\"width:100%; display:block;\"><\/p>\n<div style=\"padding:20px;\">\n<h3 style=\"margin:0 0 12px 0;\">Hang\u00e1r p\u00e1rty<\/h3>\n<p style=\"margin:0; line-height:1.7;\">Tradi\u010dn\u00ed setk\u00e1n\u00ed \u010dlen\u016f klubu a p\u0159\u00e1tel l\u00e9t\u00e1n\u00ed v neform\u00e1ln\u00ed atmosf\u00e9\u0159e.<\/p>\n<\/p><\/div>\n<\/p><\/div>\n<div style=\"background:#fff; border-radius:20px; overflow:hidden; box-shadow:0 10px 25px rgba(0,0,0,0.1);\">\n      <img decoding=\"async\" src=\"https:\/\/letani-zabreh.cz\/wp-content\/uploads\/2025\/02\/galerie-lkz-035.jpg\" style=\"width:100%; display:block;\"><\/p>\n<div style=\"padding:20px;\">\n<h3 style=\"margin:0 0 12px 0;\">N\u00e1v\u0161t\u011bvy leti\u0161\u0165<\/h3>\n<p style=\"margin:0; line-height:1.7;\">Exkurze a setk\u00e1n\u00ed s leteckou technikou mimo domovsk\u00e9 leti\u0161t\u011b.<\/p>\n<\/p><\/div>\n<\/p><\/div>\n<div style=\"background:#fff; border-radius:20px; overflow:hidden; box-shadow:0 10px 25px rgba(0,0,0,0.1);\">\n      <img decoding=\"async\" src=\"https:\/\/letani-zabreh.cz\/wp-content\/uploads\/2025\/02\/galerie-lkz-037.jpg\" style=\"width:100%; display:block;\"><\/p>\n<div style=\"padding:20px;\">\n<h3 style=\"margin:0 0 12px 0;\">V\u00fdcvik pilot\u016f<\/h3>\n<p style=\"margin:0; line-height:1.7;\">Pravideln\u00fd v\u00fdcvik nov\u00fdch pilot\u016f ve spolupr\u00e1ci s leteck\u00fdmi \u0161kolami.<\/p>\n<\/p><\/div>\n<\/p><\/div>\n<\/p><\/div>\n<\/section>\n","protected":false},"excerpt":{"rendered":"<p>D\u011btsk\u00fd leteck\u00fd den Uk\u00e1zky leti\u0161t\u011b, hang\u00e1r\u016f a letadel pro ve\u0159ejnost, v\u010detn\u011b programu pro d\u011bti. Hang\u00e1r p\u00e1rty Tradi\u010dn\u00ed setk\u00e1n\u00ed \u010dlen\u016f klubu a p\u0159\u00e1tel l\u00e9t\u00e1n\u00ed v neform\u00e1ln\u00ed atmosf\u00e9\u0159e. N\u00e1v\u0161t\u011bvy leti\u0161\u0165 Exkurze a setk\u00e1n\u00ed s leteckou technikou mimo domovsk\u00e9 leti\u0161t\u011b. V\u00fdcvik pilot\u016f Pravideln\u00fd v\u00fdcvik nov\u00fdch pilot\u016f ve spolupr\u00e1ci s leteck\u00fdmi \u0161kolami.<\/p>\n","protected":false},"author":1,"featured_media":0,"parent":0,"menu_order":0,"comment_status":"closed","ping_status":"closed","template":"","meta":{"footnotes":""},"class_list":["post-4177","page","type-page","status-publish","hentry"],"yoast_head":"<!-- This site is optimized with the Yoast SEO plugin v27.2 - https:\/\/yoast.com\/product\/yoast-seo-wordpress\/ -->\n<title>Aktuality a akce - webbb<\/title>\n<meta name=\"robots\" content=\"noindex, follow, max-snippet:-1, max-image-preview:large, max-video-preview:-1\" \/>\n<meta property=\"og:locale\" content=\"cs_CZ\" \/>\n<meta property=\"og:type\" content=\"article\" \/>\n<meta property=\"og:title\" content=\"Aktuality a akce - webbb\" \/>\n<meta property=\"og:description\" content=\"D\u011btsk\u00fd leteck\u00fd den Uk\u00e1zky leti\u0161t\u011b, hang\u00e1r\u016f a letadel pro ve\u0159ejnost, v\u010detn\u011b programu pro d\u011bti. Hang\u00e1r p\u00e1rty Tradi\u010dn\u00ed setk\u00e1n\u00ed \u010dlen\u016f klubu a p\u0159\u00e1tel l\u00e9t\u00e1n\u00ed v neform\u00e1ln\u00ed atmosf\u00e9\u0159e. N\u00e1v\u0161t\u011bvy leti\u0161\u0165 Exkurze a setk\u00e1n\u00ed s leteckou technikou mimo domovsk\u00e9 leti\u0161t\u011b. V\u00fdcvik pilot\u016f Pravideln\u00fd v\u00fdcvik nov\u00fdch pilot\u016f ve spolupr\u00e1ci s leteck\u00fdmi \u0161kolami.\" \/>\n<meta property=\"og:url\" content=\"https:\/\/it2502.sspu-opava.eu\/?page_id=4177\" \/>\n<meta property=\"og:site_name\" content=\"webbb\" \/>\n<meta property=\"article:modified_time\" content=\"2026-04-07T18:45:00+00:00\" \/>\n<meta property=\"og:image\" content=\"https:\/\/letani-zabreh.cz\/wp-content\/uploads\/2025\/02\/galerie-lkz-032.jpg\" \/>\n<meta name=\"twitter:card\" content=\"summary_large_image\" \/>\n<meta name=\"twitter:label1\" content=\"Odhadovan\u00e1 doba \u010dten\u00ed\" \/>\n\t<meta name=\"twitter:data1\" content=\"2 minuty\" \/>\n<script type=\"application\/ld+json\" class=\"yoast-schema-graph\">{\"@context\":\"https:\/\/schema.org\",\"@graph\":[{\"@type\":\"WebPage\",\"@id\":\"https:\/\/it2502.sspu-opava.eu\/?page_id=4177\",\"url\":\"https:\/\/it2502.sspu-opava.eu\/?page_id=4177\",\"name\":\"Aktuality a akce - webbb\",\"isPartOf\":{\"@id\":\"https:\/\/it2502.sspu-opava.eu\/#website\"},\"primaryImageOfPage\":{\"@id\":\"https:\/\/it2502.sspu-opava.eu\/?page_id=4177#primaryimage\"},\"image\":{\"@id\":\"https:\/\/it2502.sspu-opava.eu\/?page_id=4177#primaryimage\"},\"thumbnailUrl\":\"https:\/\/letani-zabreh.cz\/wp-content\/uploads\/2025\/02\/galerie-lkz-032.jpg\",\"datePublished\":\"2026-04-07T17:42:52+00:00\",\"dateModified\":\"2026-04-07T18:45:00+00:00\",\"breadcrumb\":{\"@id\":\"https:\/\/it2502.sspu-opava.eu\/?page_id=4177#breadcrumb\"},\"inLanguage\":\"cs\",\"potentialAction\":[{\"@type\":\"ReadAction\",\"target\":[\"https:\/\/it2502.sspu-opava.eu\/?page_id=4177\"]}]},{\"@type\":\"ImageObject\",\"inLanguage\":\"cs\",\"@id\":\"https:\/\/it2502.sspu-opava.eu\/?page_id=4177#primaryimage\",\"url\":\"https:\/\/letani-zabreh.cz\/wp-content\/uploads\/2025\/02\/galerie-lkz-032.jpg\",\"contentUrl\":\"https:\/\/letani-zabreh.cz\/wp-content\/uploads\/2025\/02\/galerie-lkz-032.jpg\"},{\"@type\":\"BreadcrumbList\",\"@id\":\"https:\/\/it2502.sspu-opava.eu\/?page_id=4177#breadcrumb\",\"itemListElement\":[{\"@type\":\"ListItem\",\"position\":1,\"name\":\"Dom\u016f\",\"item\":\"https:\/\/it2502.sspu-opava.eu\/\"},{\"@type\":\"ListItem\",\"position\":2,\"name\":\"Aktuality a akce\"}]},{\"@type\":\"WebSite\",\"@id\":\"https:\/\/it2502.sspu-opava.eu\/#website\",\"url\":\"https:\/\/it2502.sspu-opava.eu\/\",\"name\":\"webbb\",\"description\":\"\",\"potentialAction\":[{\"@type\":\"SearchAction\",\"target\":{\"@type\":\"EntryPoint\",\"urlTemplate\":\"https:\/\/it2502.sspu-opava.eu\/?s={search_term_string}\"},\"query-input\":{\"@type\":\"PropertyValueSpecification\",\"valueRequired\":true,\"valueName\":\"search_term_string\"}}],\"inLanguage\":\"cs\"}]}<\/script>\n<!-- \/ Yoast SEO plugin. -->","yoast_head_json":{"title":"Aktuality a akce - webbb","robots":{"index":"noindex","follow":"follow","max-snippet":"max-snippet:-1","max-image-preview":"max-image-preview:large","max-video-preview":"max-video-preview:-1"},"og_locale":"cs_CZ","og_type":"article","og_title":"Aktuality a akce - webbb","og_description":"D\u011btsk\u00fd leteck\u00fd den Uk\u00e1zky leti\u0161t\u011b, hang\u00e1r\u016f a letadel pro ve\u0159ejnost, v\u010detn\u011b programu pro d\u011bti. Hang\u00e1r p\u00e1rty Tradi\u010dn\u00ed setk\u00e1n\u00ed \u010dlen\u016f klubu a p\u0159\u00e1tel l\u00e9t\u00e1n\u00ed v neform\u00e1ln\u00ed atmosf\u00e9\u0159e. N\u00e1v\u0161t\u011bvy leti\u0161\u0165 Exkurze a setk\u00e1n\u00ed s leteckou technikou mimo domovsk\u00e9 leti\u0161t\u011b. V\u00fdcvik pilot\u016f Pravideln\u00fd v\u00fdcvik nov\u00fdch pilot\u016f ve spolupr\u00e1ci s leteck\u00fdmi \u0161kolami.","og_url":"https:\/\/it2502.sspu-opava.eu\/?page_id=4177","og_site_name":"webbb","article_modified_time":"2026-04-07T18:45:00+00:00","og_image":[{"url":"https:\/\/letani-zabreh.cz\/wp-content\/uploads\/2025\/02\/galerie-lkz-032.jpg","type":"","width":"","height":""}],"twitter_card":"summary_large_image","twitter_misc":{"Odhadovan\u00e1 doba \u010dten\u00ed":"2 minuty"},"schema":{"@context":"https:\/\/schema.org","@graph":[{"@type":"WebPage","@id":"https:\/\/it2502.sspu-opava.eu\/?page_id=4177","url":"https:\/\/it2502.sspu-opava.eu\/?page_id=4177","name":"Aktuality a akce - webbb","isPartOf":{"@id":"https:\/\/it2502.sspu-opava.eu\/#website"},"primaryImageOfPage":{"@id":"https:\/\/it2502.sspu-opava.eu\/?page_id=4177#primaryimage"},"image":{"@id":"https:\/\/it2502.sspu-opava.eu\/?page_id=4177#primaryimage"},"thumbnailUrl":"https:\/\/letani-zabreh.cz\/wp-content\/uploads\/2025\/02\/galerie-lkz-032.jpg","datePublished":"2026-04-07T17:42:52+00:00","dateModified":"2026-04-07T18:45:00+00:00","breadcrumb":{"@id":"https:\/\/it2502.sspu-opava.eu\/?page_id=4177#breadcrumb"},"inLanguage":"cs","potentialAction":[{"@type":"ReadAction","target":["https:\/\/it2502.sspu-opava.eu\/?page_id=4177"]}]},{"@type":"ImageObject","inLanguage":"cs","@id":"https:\/\/it2502.sspu-opava.eu\/?page_id=4177#primaryimage","url":"https:\/\/letani-zabreh.cz\/wp-content\/uploads\/2025\/02\/galerie-lkz-032.jpg","contentUrl":"https:\/\/letani-zabreh.cz\/wp-content\/uploads\/2025\/02\/galerie-lkz-032.jpg"},{"@type":"BreadcrumbList","@id":"https:\/\/it2502.sspu-opava.eu\/?page_id=4177#breadcrumb","itemListElement":[{"@type":"ListItem","position":1,"name":"Dom\u016f","item":"https:\/\/it2502.sspu-opava.eu\/"},{"@type":"ListItem","position":2,"name":"Aktuality a akce"}]},{"@type":"WebSite","@id":"https:\/\/it2502.sspu-opava.eu\/#website","url":"https:\/\/it2502.sspu-opava.eu\/","name":"webbb","description":"","potentialAction":[{"@type":"SearchAction","target":{"@type":"EntryPoint","urlTemplate":"https:\/\/it2502.sspu-opava.eu\/?s={search_term_string}"},"query-input":{"@type":"PropertyValueSpecification","valueRequired":true,"valueName":"search_term_string"}}],"inLanguage":"cs"}]}},"_links":{"self":[{"href":"https:\/\/it2502.sspu-opava.eu\/index.php?rest_route=\/wp\/v2\/pages\/4177","targetHints":{"allow":["GET"]}}],"collection":[{"href":"https:\/\/it2502.sspu-opava.eu\/index.php?rest_route=\/wp\/v2\/pages"}],"about":[{"href":"https:\/\/it2502.sspu-opava.eu\/index.php?rest_route=\/wp\/v2\/types\/page"}],"author":[{"embeddable":true,"href":"https:\/\/it2502.sspu-opava.eu\/index.php?rest_route=\/wp\/v2\/users\/1"}],"replies":[{"embeddable":true,"href":"https:\/\/it2502.sspu-opava.eu\/index.php?rest_route=%2Fwp%2Fv2%2Fcomments&post=4177"}],"version-history":[{"count":6,"href":"https:\/\/it2502.sspu-opava.eu\/index.php?rest_route=\/wp\/v2\/pages\/4177\/revisions"}],"predecessor-version":[{"id":4193,"href":"https:\/\/it2502.sspu-opava.eu\/index.php?rest_route=\/wp\/v2\/pages\/4177\/revisions\/4193"}],"wp:attachment":[{"href":"https:\/\/it2502.sspu-opava.eu\/index.php?rest_route=%2Fwp%2Fv2%2Fmedia&parent=4177"}],"curies":[{"name":"wp","href":"https:\/\/api.w.org\/{rel}","templated":true}]}}